{"id":320,"date":"2018-09-10T19:57:37","date_gmt":"2018-09-10T17:57:37","guid":{"rendered":"http:\/\/www.ozoengine.net\/JillzanWP\/?page_id=320"},"modified":"2023-01-03T12:05:25","modified_gmt":"2023-01-03T11:05:25","slug":"ny-sida","status":"publish","type":"page","link":"https:\/\/www.ozoengine.net\/JillzanWP\/ny-sida\/","title":{"rendered":"Lyan, platsen f\u00f6r skrivande"},"content":{"rendered":"<p>Hur ser din skrivarlya ut?<\/p>\n<p>F\u00f6rest\u00e4ll dig en plats i fantasin, eller skapa din egen plats d\u00e4r du kan skriva.<\/p>\n<p>Vill du sitta p\u00e5 en stol, i en soffa, utomhus eller p\u00e5 golvet? Skapa ett st\u00e4lle d\u00e4r du har din utg\u00e5ngspunkt, dina pennor, det du skriver p\u00e5 och sl\u00e5 dig ner.\u00a0 \u00a0 \u00a0 \u00a0 \u00a0 Vart som helst duger till att b\u00f6rja med och l\u00e5t inte tanken p\u00e5 att det ska vara \u201dr\u00e4tt\u201d hindra dig fr\u00e5n att komma ig\u00e5ng.<\/p>\n<p>B\u00f6rja med att skriva n\u00e5gra rader om din perfekta skrivarlya och m\u00f6blera den s\u00e5 att du k\u00e4nner dig inspirerad att vara d\u00e4r.<\/p>\n<p>Skrivandet \u00e4r ett s\u00e4tt att bevittna sitt eget liv. Det kan ta en till platser man inte har m\u00f6jlighet eller vill g\u00e5 till p\u00e5 n\u00e5got annat s\u00e4tt \u00e4n i fantasin, ett s\u00e4tt att l\u00e5ta tankarna ta en annan form och antingen l\u00e4mnar man dom d\u00e4r, eller s\u00e5 l\u00e4ser man det man skrivit f\u00f6r att f\u00e5 distans eller m\u00f6jlighet att se saker ur ett annat perspektiv.<br \/>\nEtt annorlunda s\u00e4tt att l\u00e4ra k\u00e4nna och kanske f\u00f6rst\u00e5 det man inte f\u00e5r tag p\u00e5 genom att bara t\u00e4nka p\u00e5 det.<\/p>\n<p>Tanken h\u00e4r \u00e4r att inspirera dig att skriva om, och v\u00e5ga n\u00e4rma dig omr\u00e5den som du inte annars skulle bes\u00f6ka.<\/p>\n<p>Det kan bli ett \u00e4ventyr f\u00f6r den som s\u00f6ker \u00e4ventyr, skr\u00e4mmande f\u00f6r den som \u00e4r r\u00e4dd eller magiskt f\u00f6r den som l\u00e5ter sin fantasi \u00f6ppna nya d\u00f6rrar.\u00a0 \u00a0 \u00a0 \u00a0 \u00a0 \u00a0 \u00a0 \u00a0 \u00a0 \u00a0 \u00a0 \u00a0 Det viktigaste \u00e4r att s\u00e4tta sina egna gr\u00e4nser.<\/p>\n<p>Som spindeln v\u00e4ver sitt n\u00e4t, v\u00e4ver den som skriver sin historia.<\/p>\n<p><img decoding=\"async\" class=\"alignnone size-medium wp-image-126\" src=\"https:\/\/www.ozoengine.net\/JillzanWP\/wp-content\/uploads\/2018\/09\/IMG_1912-224x300.jpg\" alt=\"\" width=\"224\" height=\"300\" srcset=\"https:\/\/www.ozoengine.net\/JillzanWP\/wp-content\/uploads\/2018\/09\/IMG_1912-224x300.jpg 224w, https:\/\/www.ozoengine.net\/JillzanWP\/wp-content\/uploads\/2018\/09\/IMG_1912.jpg 764w\" sizes=\"(max-width: 224px) 100vw, 224px\" \/><\/p>\n<p><strong>Om du v\u00e5gade vad skulle du i s\u00e5 fall skriva?<\/strong><\/p>\n<p>Det \u00e4r m\u00e5nga g\u00e5nger jag skulle vilja skriva fr\u00e5n mitt innersta men hindrar mig hela tiden med&#8230; t\u00e4nk om n\u00e5gon blir arg, sur eller ledsen.\u00a0 \u00a0 \u00a0 \u00a0 \u00a0 \u00a0 \u00a0 \u00a0 \u00a0 \u00a0 \u00a0 \u00a0 \u00a0 \u00a0 \u00a0 \u00a0 \u00a0 \u00a0 \u00a0 \u00a0 \u00a0 \u00a0 \u00a0Jag oroar mig ocks\u00e5 f\u00f6r vad andra ska tycka och t\u00e4nka men utifr\u00e5n den plattformen finns det egentligen ingenting av vikt jag kan skriva.\u00a0 \u00a0 \u00a0 \u00a0 \u00a0 \u00a0 \u00a0 \u00a0 \u00a0 \u00a0 \u00a0 \u00a0 Hur ointressant blir det inte n\u00e4r jag inte v\u00e5gar skriva \u00e4rligt och rakt, n\u00e4r jag oroar mig f\u00f6r vad andra tycker om det jag skriver.<\/p>\n<p>S\u00e5, hur \u00e4r det f\u00f6r dig, sitter du fast i en fantasi som h\u00e5ller dig tillbaka?\u00a0 \u00a0 \u00a0 \u00a0 \u00a0 \u00a0 \u00a0 Vad skulle du skriva om du inte begr\u00e4nsade dig sj\u00e4lv?<\/p>\n<p><strong>Jag beundrar m\u00e4nniskor som skriver precis det de t\u00e4nker och tycker och skiter i hur det tas emot.<\/strong><\/p>\n<p>En annan tanke \u00e4r att jag inte \u00e4r s\u00e4ker p\u00e5 vad jag tycker och t\u00e4nker, att det bara \u00e4r i stunden som jag uttrycker mig och att det sedan kommer att f\u00f6rsvinna f\u00f6r att gl\u00f6mmas av mottagaren. Om jag d\u00e4remot skriver n\u00e5got s\u00e5 finns det kvar f\u00f6r alltid och jag kan aldrig \u00e4ndra det jag skrivit och s\u00e4ga att jag inte menade det.<\/p>\n<p>Men spelar det egentligen n\u00e5gon roll vad andra tycker och t\u00e4nker, det \u00e4r \u00e4nd\u00e5 min sanning, min verklighet och uppfattning. S\u00e5 nu n\u00e4r jag skrivit det h\u00e4r kanske det lossnar och jag v\u00e5gar skriva det jag egentligen vill skriva om. Livets alla vindlingar utifr\u00e5n mitt eget perspektiv.<\/p>\n<p><strong>Skriv om din favorithobby och varf\u00f6r du gillar den. Om du inte har n\u00e5gon hobby, t\u00e4nk ut vad du skulle vilja g\u00f6ra.<\/strong><\/p>\n<p>En hobby kan vara vad som helst d\u00e4r du till\u00e5ter dig att f\u00f6rlora dig sj\u00e4lv ett tag. En favoritsyssels\u00e4ttning du \u00e4gnar dig \u00e5t eller vill \u00e4gna dig \u00e5t. Det kan ocks\u00e5 vara flera olika saker men v\u00e4lj en.<\/p>\n<p><strong>Var detektiv i ditt eget liv.<\/strong><\/p>\n<p>\u00c4r det n\u00e5got du undrar \u00f6ver i ditt liv? L\u00e5tsas att det finns en detektiv eller n\u00e5gon annan person som ser p\u00e5 ditt liv ur sitt perspektiv och som tar reda p\u00e5 fakta kring det som h\u00e4nde. Om du vill kan personen st\u00e4lla fr\u00e5gor till dig och d\u00e4refter drar han eller hon sin slutsats om vad som troligen h\u00e4nde.\u00a0 \u00a0 \u00a0 \u00a0 \u00a0 \u00a0 \u00a0 \u00a0 \u00a0 \u00a0 \u00a0 \u00a0 \u00a0 \u00a0 \u00a0 \u00a0 \u00a0 \u00a0Eller &#8230; f\u00f6rest\u00e4ll dig en dialog med n\u00e5gra, d\u00e4r du st\u00e4ller dig utanf\u00f6r men d\u00e4r dialogen handlar om dig.<\/p>\n<p><strong>Den f\u00f6rsta dagen i skolan<\/strong><\/p>\n<p>Hur k\u00e4ndes det n\u00e4r du skulle b\u00f6rja skolan, hade du n\u00e5gra tankar om det just d\u00e5, och vad var det i s\u00e5 fall?<\/p>\n<p>Kommer du ih\u00e5g v\u00e4gen till skolan, hur fr\u00f6ken eller magistern s\u00e5g ut, var det m\u00e5nga elever, var det en stor eller liten skola? Var det n\u00e5got speciellt som du minns, eller minns du inget alls?<\/p>\n<p><strong>En k\u00e4nsla<\/strong><\/p>\n<p>V\u00e4lj en k\u00e4nsla som du verkligen inte gillar, en k\u00e4nsla du f\u00f6rs\u00f6ker undvika. N\u00e4r intr\u00e4ffar den och hur g\u00f6r du f\u00f6r att undvika den. Vad skulle h\u00e4nda om du inte undviker den l\u00e4ngre utan i st\u00e4llet b\u00f6rjar unders\u00f6ka den?<\/p>\n<p>&nbsp;<\/p>\n","protected":false},"excerpt":{"rendered":"<p>Hur ser din skrivarlya ut? F\u00f6rest\u00e4ll dig en plats i fantasin, eller skapa din egen plats d\u00e4r du kan skriva. Vill du sitta p\u00e5 en stol, i en soffa, utomhus eller p\u00e5 golvet? Skapa ett st\u00e4lle d\u00e4r du har din utg\u00e5ngspunkt, dina pennor, det du skriver p\u00e5 och sl\u00e5 dig ner.\u00a0 \u00a0 \u00a0 \u00a0 \u00a0 &hellip; <\/p>\n<p class=\"link-more\"><a href=\"https:\/\/www.ozoengine.net\/JillzanWP\/ny-sida\/\" class=\"more-link\">Forts\u00e4tt l\u00e4sa<span class=\"screen-reader-text\"> \u201dLyan, platsen f\u00f6r skrivande\u201d<\/span><\/a><\/p>\n","protected":false},"author":1,"featured_media":707,"parent":0,"menu_order":0,"comment_status":"closed","ping_status":"closed","template":"","meta":[],"_links":{"self":[{"href":"https:\/\/www.ozoengine.net\/JillzanWP\/wp-json\/wp\/v2\/pages\/320"}],"collection":[{"href":"https:\/\/www.ozoengine.net\/JillzanWP\/wp-json\/wp\/v2\/pages"}],"about":[{"href":"https:\/\/www.ozoengine.net\/JillzanWP\/wp-json\/wp\/v2\/types\/page"}],"author":[{"embeddable":true,"href":"https:\/\/www.ozoengine.net\/JillzanWP\/wp-json\/wp\/v2\/users\/1"}],"replies":[{"embeddable":true,"href":"https:\/\/www.ozoengine.net\/JillzanWP\/wp-json\/wp\/v2\/comments?post=320"}],"version-history":[{"count":15,"href":"https:\/\/www.ozoengine.net\/JillzanWP\/wp-json\/wp\/v2\/pages\/320\/revisions"}],"predecessor-version":[{"id":1168,"href":"https:\/\/www.ozoengine.net\/JillzanWP\/wp-json\/wp\/v2\/pages\/320\/revisions\/1168"}],"wp:featuredmedia":[{"embeddable":true,"href":"https:\/\/www.ozoengine.net\/JillzanWP\/wp-json\/wp\/v2\/media\/707"}],"wp:attachment":[{"href":"https:\/\/www.ozoengine.net\/JillzanWP\/wp-json\/wp\/v2\/media?parent=320"}],"curies":[{"name":"wp","href":"https:\/\/api.w.org\/{rel}","templated":true}]}}